9) to base 5.
343131
What is 1100311 (base 4) in base 12?
2bb1
-4693 (base 10) to base 8
-11125
Convert 428 (base 9) to base 14.
1b0
-771f (base 16) to base 4
-13130133
What is 143453 (base 6) in base 7?
55122
Convert 1a6 (base 13) to base 9.
368
What is 753 (base 10) in base 15?
353
-339 (base 12) to base 7
-1251
-726 (base 12) to base 4
-100032
Convert -100110000000 (base 2) to base 14.
-c5a
What is 2216 (base 8) in base 12?
812
What is -547 (base 9) in base 15?
-1ed
What is 40505 (base 6) in base 15?
18ce
What is 10036 (base 8) in base 4?
1000132
What is -8555 (base 11) in base 9?
-16460
Convert -300 (base 15) to base 3.
-221000
-269 (base 16) to base 9
-755
-179c (base 16) to base 11
-45a5
What is 5411 (base 8) in base 9?
3778
What is -1020121021 (base 3) in base 15?
-73d1
Convert 2775 (base 9) to base 15.
948
Convert -2120230 (base 5) to base 4.
-20231222
What is -22211 (base 3) in base 4?
-3232
121 (base 13) to base 10
196
What is -571 (base 11) in base 15?
-308
Convert 809 (base 11) to base 2.
1111010001
What is -13044 (base 8) in base 4?
-1120210
What is -11111 (base 4) in base 10?
-341
-d50a (base 16) to base 6
-1100254
Convert 6027 (base 8) to base 5.
44340
Convert -7011 (base 9) to base 15.
-17ad
What is -33314 (base 6) in base 3?
-20101101
144 (base 14) to base 11
213
Convert -11032032 (base 4) to base 12.
-10466
What is -1001101010100 (base 2) in base 3?
-20210021
Convert 100003 (base 5) to base 15.
dd8
763 (base 9) to base 7
1551
What is 745 (base 10) in base 4?
23221
What is 7d08 (base 15) in base 7?
140300
What is 2707 (base 15) in base 5?
231312
What is 414205 (base 6) in base 3?
1200201212
Convert -32 (base 8) to base 11.
-24
Convert 20212 (base 7) to base 2.
1001100101101
What is 39863 (base 10) in base 7?
224135
Convert 673 (base 8) to base 13.
281
Convert -22884 (base 9) to base 7.
-62422
1211000120 (base 3) to base 11
24938
What is 46d (base 15) in base 16?
3eb
What is -1010110010 (base 2) in base 4?
-22302
Convert 274 (base 10) to base 15.
134
103321321 (base 4) to base 10
81529
What is 1363 (base 8) in base 2?
1011110011
What is 651 (base 15) in base 6?
10334
Convert -11011000101 (base 2) to base 11.
-1336
-2111 (base 8) to base 12
-775
What is -116e (base 16) in base 2?
-1000101101110
What is -176 (base 14) in base 8?
-454
110c (base 15) to base 14
1460
-49b (base 15) to base 4
-100112
Convert 15762 (base 9) to base 7.
43400
What is -240121 (base 5) in base 3?
-110001102
Convert 15b23 (base 14) to base 8.
152063
What is -1010011011 (base 2) in base 14?
-359
What is 443240 (base 5) in base 9?
23161
36012 (base 9) to base 14
8ab2
-32516 (base 8) to base 9
-20642
Convert 31133 (base 5) to base 9.
2720
Convert -17884 (base 13) to base 5.
-2423100
-10442 (base 5) to base 11
-61a
-8987 (base 12) to base 6
-154251
What is -2022000021 (base 3) in base 10?
-45205
Convert -10411 (base 8) to base 7.
-15500
What is 2791 (base 12) in base 6?
33101
125244 (base 6) to base 15
364d
-731 (base 13) to base 4
-103013
Convert -2167 (base 8) to base 4.
-101313
What is 1213300 (base 6) in base 3?
10021011000
Convert -1953 (base 10) to base 3.
-2200100
What is -10523 (base 13) in base 9?
-44335
Convert 29b (base 12) to base 15.
1c2
What is -1211010 (base 4) in base 6?
-45540
-212022 (base 3) to base 14
-32d
14424 (base 5) to base 11
a27
2708 (base 9) to base 7
5633
Convert -202 (base 13) to base 12.
-244
Convert -2333 (base 13) to base 7.
-20261
Convert -20045 (base 6) to base 5.
-40441
Convert -222 (base 15) to base 9.
-585
Convert 1110220 (base 3) to base 7.
3066
What is 102010 (base 3) in base 7?
606
What is -9a (base 12) in base 4?
-1312
-4530 (base 6) to base 15
-4ac
Convert 2000111 (base 3) to base 13.
892
Convert -25735 (base 10) to base 8.
-62207
42c7 (base 15) to base 9
21347
Convert -1252 (base 7) to base 12.
-33a
What is b31 (base 12) in base 13?
979
Convert 171 (base 10) to base 14.
c3
-134451 (base 6) to base 5
-401303
-3310 (base 5) to base 7
-1220
Convert 25586 (base 14) to base 13.
32940
What is -202012 (base 3) in base 14?
-2ad
What is 10212 (base 3) in base 9?
125
Convert -1204044 (base 5) to base 4.
-11131333
Convert -3232 (base 9) to base 4.
-211022
2872 (base 11) to base 4
321331
-56a (base 16) to base 5
-21021
Convert 10022010 (base 3) to base 9.
3263
What is 45420 (base 6) in base 8?
14424
Convert 3262 (base 8) to base 6.
11534
-3031 (base 6) to base 11
-557
What is 10440 (base 7) in base 6?
20053
Convert -11100210 (base 3) to base 7.
-12162
352 (base 10) to base 4
11200
What is a130 (base 12) in base 5?
1024320
Convert 18378 (base 10) to base 8.
43712
-3100 (base 7) to base 15
-4bd
Convert 110111110 (base 2) to base 9.
545
2810 (base 11) to base 7
13421
What is 56815 (base 10) in base 7?
324433
What is -101a (base 15) in base 4?
-311020
Convert 3232232 (base 4) to base 10.
15278
Convert 158 (base 15) to base 6.
1232
-878 (base 9) to base 5
-10334
What is -111001011011100 (base 2) in base 5?
-1420104
-30200 (base 4) to base 12
-568
-17b3 (base 14) to base 4
-1002301
Convert -3633 (base 7) to base 6.
-10123
-8bb (base 15) to base 5
-30401
-73009 (base 10) to base 11
-4a942
Convert -3611 (base 9) to base 5.
-41213
What is -222121 (base 4) in base 9?
-3644
Convert 771 (base 8) to base 6.
2201
-bd1 (base 16) to base 9
-4131
-40041 (base 5) to base 11
-1992
What is 551 (base 13) in base 8?
1617
What is -804 (base 14) in base 5?
-22242
What is -44121 (base 8) in base 13?
-8571
-56 (base 10) to base 6
-132
-133040 (base 5) to base 6
-40551
129 (base 12) to base 16
b1
Convert 2b86 (base 12) to base 11.
3955
What is -525e (base 15) in base 7?
-101525
Convert -101101100100 (base 2) to base 9.
-4000
What is -1c61 (base 13) in base 7?
-15356
What is -4aa (base 11) in base 7?
-1522
Convert -613 (base 7) to base 13.
-1a5
Convert -13881 (base 9) to base 11.
-7129
Convert b503 (base 16) to base 2.
1011010100000011
Convert -18704 (base 12) to base 10.
-35572
Convert -918 (base 15) to base 2.
-100000000000
What is -1432 (base 5) in base 13?
-158
5035 (base 6) to base 9
1455
What is 791 (base 16) in base 11?
1501
What is -4360 (base 8) in base 5?
-33123
Convert 5a0 (base 15) to base 3.
1202020
What is -10101011001011 (base 2) in base 15?
-33a5
What is -3100 (base 13) in base 6?
-51144
What is -11010111000110 (base 2) in base 10?
-13766
What is 252 (base 8) in base 3?
20022
-1211200 (base 3) to base 5
-20331
Convert 45742 (base 8) to base 11.
13660
Convert -406 (base 10) to base 16.
-196
-10212110 (base 3) to base 2
-101100000100
1012002111 (base 3) to base 2
101101101100011
What is 26341 (base 7) in base 14?
27c8
What is 100101111101 (base 2) in base 9?
3288
What is 2181 (base 15) in base 2?
1101110111000
What is 11032 (base 13) in base 9?
46221
What is 1205455 (base 6) in base 15?
13c12
Convert -28a7 (base 14) to base 8.
-16043
Convert 185 (base 9) to base 15.
a8
What is 9672 (base 11) in base 2?
11000111110000
Convert 114364 (base 8) to base 3.
1222201020
What is 58 (base 9) in base 5?
203
Convert 2484 (base 10) to base 14.
c96
-110120010 (base 3) to base 5
-243111
What is -22331 (base 5) in base 2?
-11000110111
Convert 1200 (base 13) to base 15.
b40
141 (base 13) to base 7
435
Convert -25 (base 12) to base 16.
-1d
What is -392 (base 14) in base 7?
-2042
What is 1111000101000 (base 2) in base 8?
17050
-315661 (base 7) to base 5
-3223444
Convert -1101000101 (base 2) to base 6.
-3513
-b85 (base 12) to base 9
-2272
What is -1011001010110 (base 2) in base 6?
-42250
What is -20402 (base 5) in base 2?
-10101001000
What is -323113 (base 4) in base 8?
-7327
-113021 (base 4) to base 6
-10505
209c (base 14) to base 12
330a
What is -38425 (base 12) in base 15?
-17a92
Convert 3a8 (base 14) to base 4.
23200
Convert 330133 (base 4) to base 9.
5271
Convert -41552 (base 7) to base 9.
-15025
344030 (base 5) to base 4
3001212
What is 161 (base 12) in base 13?
139
898 (base 13) to base 3
2000201
What is -184 (base 16) in base 8?
-604
-4a6 (base 11) to base 14
-30c
-564 (base 9) to base 10
-463
-2111002 (base 3) to base 8
-3423
-2102010 (base 3) to base 2
-11011011110
What is bfa4 (base 16) in base 14?
13c44
What is -9715 (base 10) in base 16?
-25f3
Convert 11010 (base 2) to base 15.
1b
Convert -12221 (base 4) to base 2.
-110101001
Convert -222 (base